[INFO] cloning repository https://github.com/BenMorganIO/guessing_game
[INFO] running `Command { std: "git" "-c" "credential.helper=" "-c" "credential.helper=/workspace/cargo-home/bin/git-credential-null" "clone" "--bare" "https://github.com/BenMorganIO/guessing_game" "/workspace/cache/git-repos/https%3A%2F%2Fgithub.com%2FBenMorganIO%2Fguessing_game", kill_on_drop: false }`
[INFO] [stderr] Cloning into bare repository '/workspace/cache/git-repos/https%3A%2F%2Fgithub.com%2FBenMorganIO%2Fguessing_game'...
[INFO] running `Command { std: "git" "rev-parse" "HEAD", kill_on_drop: false }`
[INFO] [stdout] 8d43565e9858b626b15b28cea019e34f0ea9b9ad
[INFO] checking BenMorganIO/guessing_game against try#72f88fc4e9458f89516a0b8b0868f3718aec5b47 for pr-74989
[INFO] running `Command { std: "git" "clone" "/workspace/cache/git-repos/https%3A%2F%2Fgithub.com%2FBenMorganIO%2Fguessing_game" "/workspace/builds/worker-4/source", kill_on_drop: false }`
[INFO] [stderr] Cloning into '/workspace/builds/worker-4/source'...
[INFO] [stderr] done.
[INFO] validating manifest of git repo https://github.com/BenMorganIO/guessing_game on toolchain 72f88fc4e9458f89516a0b8b0868f3718aec5b47
[INFO] running `Command { std: "/workspace/cargo-home/bin/cargo" "+72f88fc4e9458f89516a0b8b0868f3718aec5b47" "read-manifest" "--manifest-path" "Cargo.toml", kill_on_drop: false }`
[INFO] started tweaking git repo https://github.com/BenMorganIO/guessing_game
[INFO] finished tweaking git repo https://github.com/BenMorganIO/guessing_game
[INFO] tweaked toml for git repo https://github.com/BenMorganIO/guessing_game written to /workspace/builds/worker-4/source/Cargo.toml
[INFO] crate git repo https://github.com/BenMorganIO/guessing_game already has a lockfile, it will not be regenerated
[INFO] running `Command { std: "/workspace/cargo-home/bin/cargo" "+72f88fc4e9458f89516a0b8b0868f3718aec5b47" "fetch" "--locked" "--manifest-path" "Cargo.toml", kill_on_drop: false }`
[INFO] [stderr]     Blocking waiting for file lock on package cache
[INFO] running `Command { std: "docker" "create" "-v" "/var/lib/crater-agent-workspace/builds/worker-4/target:/opt/rustwide/target:rw,Z" "-v" "/var/lib/crater-agent-workspace/builds/worker-4/source:/opt/rustwide/workdir:ro,Z" "-v" "/var/lib/crater-agent-workspace/cargo-home:/opt/rustwide/cargo-home:ro,Z" "-v" "/var/lib/crater-agent-workspace/rustup-home:/opt/rustwide/rustup-home:ro,Z" "-e" "SOURCE_DIR=/opt/rustwide/workdir" "-e" "CARGO_TARGET_DIR=/opt/rustwide/target" "-e" "CARGO_HOME=/opt/rustwide/cargo-home" "-e" "RUSTUP_HOME=/opt/rustwide/rustup-home" "-w" "/opt/rustwide/workdir" "-m" "1610612736" "--user" "0:0" "--network" "none" "rustops/crates-build-env@sha256:d92eaeed33fa75130ca1ee6c8a01d1ffb62bac859dfdfb3450e3e5d1c0146529" "/opt/rustwide/cargo-home/bin/cargo" "+72f88fc4e9458f89516a0b8b0868f3718aec5b47" "metadata" "--no-deps" "--format-version=1", kill_on_drop: false }`
[INFO] [stdout] a9aeb798dd2b2e574c0cd7fd7b34c89b67943196648a51c4077620ee6b121292
[INFO] [stderr] WARNING: Your kernel does not support swap limit capabilities or the cgroup is not mounted. Memory limited without swap.
[INFO] running `Command { std: "docker" "start" "-a" "a9aeb798dd2b2e574c0cd7fd7b34c89b67943196648a51c4077620ee6b121292", kill_on_drop: false }`
[INFO] running `Command { std: "docker" "inspect" "a9aeb798dd2b2e574c0cd7fd7b34c89b67943196648a51c4077620ee6b121292", kill_on_drop: false }`
[INFO] running `Command { std: "docker" "rm" "-f" "a9aeb798dd2b2e574c0cd7fd7b34c89b67943196648a51c4077620ee6b121292", kill_on_drop: false }`
[INFO] [stdout] a9aeb798dd2b2e574c0cd7fd7b34c89b67943196648a51c4077620ee6b121292
[INFO] running `Command { std: "docker" "create" "-v" "/var/lib/crater-agent-workspace/builds/worker-4/target:/opt/rustwide/target:rw,Z" "-v" "/var/lib/crater-agent-workspace/builds/worker-4/source:/opt/rustwide/workdir:ro,Z" "-v" "/var/lib/crater-agent-workspace/cargo-home:/opt/rustwide/cargo-home:ro,Z" "-v" "/var/lib/crater-agent-workspace/rustup-home:/opt/rustwide/rustup-home:ro,Z" "-e" "SOURCE_DIR=/opt/rustwide/workdir" "-e" "CARGO_TARGET_DIR=/opt/rustwide/target" "-e" "CARGO_INCREMENTAL=0" "-e" "RUST_BACKTRACE=full" "-e" "RUSTFLAGS=--cap-lints=forbid" "-e" "CARGO_HOME=/opt/rustwide/cargo-home" "-e" "RUSTUP_HOME=/opt/rustwide/rustup-home" "-w" "/opt/rustwide/workdir" "-m" "1610612736" "--user" "0:0" "--network" "none" "rustops/crates-build-env@sha256:d92eaeed33fa75130ca1ee6c8a01d1ffb62bac859dfdfb3450e3e5d1c0146529" "/opt/rustwide/cargo-home/bin/cargo" "+72f88fc4e9458f89516a0b8b0868f3718aec5b47" "check" "--frozen" "--all" "--all-targets" "--message-format=json", kill_on_drop: false }`
[INFO] [stdout] 1b6176172bfcc618900a7c29b1306cec6178c0cab25a99efe14b9e0de2359371
[INFO] [stderr] WARNING: Your kernel does not support swap limit capabilities or the cgroup is not mounted. Memory limited without swap.
[INFO] running `Command { std: "docker" "start" "-a" "1b6176172bfcc618900a7c29b1306cec6178c0cab25a99efe14b9e0de2359371", kill_on_drop: false }`
[INFO] [stderr]     Checking guessing_game v0.0.1 (/opt/rustwide/workdir)
[INFO] [stdout] error: invalid suffix `us` for integer literal
[INFO] [stdout]  --> src/main.rs:8:57
[INFO] [stdout]   |
[INFO] [stdout] 8 |   let secret_number: usize = (rand::random::<usize>() % 100us) + 1us;
[INFO] [stdout]   |                                                         ^^^^^ invalid suffix `us`
[INFO] [stdout]   |
[INFO] [stdout]   = help: the suffix must be one of the integral types (`u32`, `isize`, etc)
[INFO] [stdout] 
[INFO] [stdout] 
[INFO] [stdout] error: invalid suffix `us` for integer literal
[INFO] [stdout]  --> src/main.rs:8:66
[INFO] [stdout]   |
[INFO] [stdout] 8 |   let secret_number: usize = (rand::random::<usize>() % 100us) + 1us;
[INFO] [stdout]   |                                                                  ^^^ invalid suffix `us`
[INFO] [stdout]   |
[INFO] [stdout]   = help: the suffix must be one of the integral types (`u32`, `isize`, etc)
[INFO] [stdout] 
[INFO] [stdout] 
[INFO] [stdout] error: invalid suffix `us` for integer literal
[INFO] [stdout]  --> src/main.rs:8:57
[INFO] [stdout]   |
[INFO] [stdout] 8 |   let secret_number: usize = (rand::random::<usize>() % 100us) + 1us;
[INFO] [stdout]   |                                                         ^^^^^ invalid suffix `us`
[INFO] [stdout]   |
[INFO] [stdout]   = help: the suffix must be one of the integral types (`u32`, `isize`, etc)
[INFO] [stdout] 
[INFO] [stdout] 
[INFO] [stdout] error: invalid suffix `us` for integer literal
[INFO] [stdout]  --> src/main.rs:8:66
[INFO] [stdout]   |
[INFO] [stdout] 8 |   let secret_number: usize = (rand::random::<usize>() % 100us) + 1us;
[INFO] [stdout]   |                                                                  ^^^ invalid suffix `us`
[INFO] [stdout]   |
[INFO] [stdout]   = help: the suffix must be one of the integral types (`u32`, `isize`, etc)
[INFO] [stdout] 
[INFO] [stdout] 
[INFO] [stdout] error[E0463]: can't find crate for `guessing_game`
[INFO] [stdout]  --> tests/main.rs:1:1
[INFO] [stdout]   |
[INFO] [stdout] 1 | extern crate guessing_game;
[INFO] [stdout]   | ^^^^^^^^^^^^^^^^^^^^^^^^^^^ can't find crate
[INFO] [stdout] 
[INFO] [stdout] 
[INFO] [stdout] error[E0432]: unresolved import `std::rand`
[INFO] [stdout]  --> src/main.rs:2:5
[INFO] [stdout]   |
[INFO] [stdout] 2 | use std::rand;
[INFO] [stdout]   |     ^^^^^^^^^ no `rand` in the root
[INFO] [stdout] 
[INFO] [stdout] 
[INFO] [stdout] error[E0432]: unresolved import `std::rand`
[INFO] [stdout]  --> src/main.rs:2:5
[INFO] [stdout]   |
[INFO] [stdout] 2 | use std::rand;
[INFO] [stdout]   |     ^^^^^^^^^ no `rand` in the root
[INFO] [stdout] 
[INFO] [stdout] 
[INFO] [stdout] error[E0061]: this function takes 1 argument but 0 arguments were supplied
[INFO] [stdout]   --> src/main.rs:13:29
[INFO] [stdout]    |
[INFO] [stdout] 13 |     let input = io::stdin().read_line().ok().expect("Failed to read line");
[INFO] [stdout]    |                             ^^^^^^^^^- supplied 0 arguments
[INFO] [stdout]    |                             |
[INFO] [stdout]    |                             expected 1 argument
[INFO] [stdout] 
[INFO] [stdout] 
[INFO] [stdout] error[E0061]: this function takes 1 argument but 0 arguments were supplied
[INFO] [stdout]   --> src/main.rs:13:29
[INFO] [stdout]    |
[INFO] [stdout] 13 |     let input = io::stdin().read_line().ok().expect("Failed to read line");
[INFO] [stdout]    |                             ^^^^^^^^^- supplied 0 arguments
[INFO] [stdout]    |                             |
[INFO] [stdout]    |                             expected 1 argument
[INFO] [stdout] 
[INFO] [stdout] 
[INFO] [stdout] error: aborting due to previous error
[INFO] [stdout] 
[INFO] [stdout] 
[INFO] [stdout] For more information about this error, try `rustc --explain E0463`.
[INFO] [stdout] 
[INFO] [stderr] error: could not compile `guessing_game`.
[INFO] [stderr] 
[INFO] [stderr] To learn more, run the command again with --verbose.
[INFO] [stderr] warning: build failed, waiting for other jobs to finish...
[INFO] [stdout] error[E0599]: no method named `trim` found for type `usize` in the current scope
[INFO] [stdout]   --> src/main.rs:14:42
[INFO] [stdout]    |
[INFO] [stdout] 14 |     let input_num: Option<usize> = input.trim().parse::<usize>();
[INFO] [stdout]    |                                          ^^^^ method not found in `usize`
[INFO] [stdout] 
[INFO] [stdout] 
[INFO] [stdout] error[E0599]: no method named `trim` found for type `usize` in the current scope
[INFO] [stdout]   --> src/main.rs:14:42
[INFO] [stdout]    |
[INFO] [stdout] 14 |     let input_num: Option<usize> = input.trim().parse::<usize>();
[INFO] [stdout]    |                                          ^^^^ method not found in `usize`
[INFO] [stdout] 
[INFO] [stdout] 
[INFO] [stdout] error: aborting due to 5 previous errors
[INFO] [stdout] 
[INFO] [stdout] 
[INFO] [stdout] Some errors have detailed explanations: E0061, E0432, E0599.
[INFO] [stdout] 
[INFO] [stdout] For more information about an error, try `rustc --explain E0061`.
[INFO] [stdout] 
[INFO] [stdout] error: aborting due to 5 previous errors
[INFO] [stdout] 
[INFO] [stdout] 
[INFO] [stdout] Some errors have detailed explanations: E0061, E0432, E0599.
[INFO] [stdout] 
[INFO] [stdout] For more information about an error, try `rustc --explain E0061`.
[INFO] [stdout] 
[INFO] [stderr] error: build failed
[INFO] running `Command { std: "docker" "inspect" "1b6176172bfcc618900a7c29b1306cec6178c0cab25a99efe14b9e0de2359371", kill_on_drop: false }`
[INFO] running `Command { std: "docker" "rm" "-f" "1b6176172bfcc618900a7c29b1306cec6178c0cab25a99efe14b9e0de2359371", kill_on_drop: false }`
[INFO] [stdout] 1b6176172bfcc618900a7c29b1306cec6178c0cab25a99efe14b9e0de2359371
